*4/2 - 5*a**3/6 - 2*a**2 - 20*a. What is the tens digit of i(4)?
7
Suppose 0*i - 4*i + 12 = 0. Suppose -i*u = -7*u + 16. Suppose -4*k + 113 = -0*k + r, u*r = -5*k + 133. What is the tens digit of k?
2
Suppose y - 1 = -0*y. What is the units digit of 66 + -4 + 0 + y?
3
Let a = -16 - -19. Suppose 0 = 4*w + a*q - 151, -w - 4*q + 49 = -q. What is the tens digit of w?
3
Suppose 4*m + m - 730 = 0. What is the hundreds digit of m?
1
Let y(p) be the first derivative of -3*p**4/2 + p**3/3 - p**2/2 + p - 5. Let f be y(1). Let r = f - -21. What is the tens digit of r?
1
Suppose 163*q - 36 = 151*q. Let m be -1*(4/(-2) + 0). Suppose -p - 6 = p, 0 = q*j + m*p - 96. What is the units digit of j?
4
Let t = 994 - 628. What is the hundreds digit of t?
3
Let b = 8593 + -3187. What is the thousands digit of b?
5
Let p(u) = -61*u + 19. What is the tens digit of p(-5)?
2
Suppose 0 = s + 4*u - 185, -3*u = -6*s + 3*s + 600. What is the tens digit of s?
9
Let k be (-22)/33*-8*54. Suppose 65*o - k = 62*o. What is the units digit of o?
6
Suppose y + 0*a = -a - 2, -a = 3*y - 2. What is the units digit of 3 - 35/7 - (-446)/y?
1
Let j(s) = 2*s - 11. Let k be j(8). Suppose k*i + r = 170, -5*i = -2*r - 46 - 124. What is the units digit of i?
4
Let b(d) = 2*d**3 + 2*d**2 + d. Suppose -4*a = -3*m + 9, 5*m = -5*a - 1 - 19. Let s be b(a). Let z = 55 + s. What is the units digit of z?
6
Suppose 3*k - 3 = 0, 3*d + 5*k - 7 = 13. Suppose -26 + 346 = d*g. What is the tens digit of g?
6
Suppose 0 = 3*j - 5*j + 2. Let p = 4 - j. Suppose -3*q + 42 = 4*a, 2*q - p*a - 45 = -0*a. What is the units digit of q?
8
What is the units digit of (-4821)/(-2) + 60/40?
2
Suppose -d = 5*y - 12314, 5*y - 4*y - 4*d - 2467 = 0. What is the units digit of y?
3
What is the hundreds digit of -4*6/132 - 48417/(-33)?
4
Suppose -2*j - 4*b + 22 = 0, 5*j - 4*b - 24 = 17. Suppose 170 = -4*c + j*c. What is the tens digit of c?
3
Let q(t) = -t**2 + t. Let l(h) = -3*h**2 + 15*h + 11. Let n(b) = -l(b) + 2*q(b). Let p be n(14). What is the tens digit of (22/p)/((-10)/(-45))?
3
Let d(l) = 0 + 1 - 4*l**2 + 3*l**2 + 5*l + 1. Let u be d(5). What is the tens digit of 8*u + (6 - 7)?
1
Let u(r) = 21*r**2 + 4*r + 16. What is the hundreds digit of u(-4)?
3
Let t(h) = 4*h**2 + h - 6. Let w(u) = -4*u**2 - u + 5. Let m(r) = -3*t(r) - 4*w(r). Suppose -8*z = 12 + 4. What is the units digit of m(z)?
2
What is the units digit of (-6*2736/(-81))/((-4)/(-18))?
2
Suppose -33 = -4*c - 101. Let p = -13 - c. Suppose -25 = -h - p. What is the units digit of h?
1
Suppose -924 = 320*s - 323*s. What is the hundreds digit of s?
3
Suppose -5*r - 5*k + 20510 = 0, -r + 4*k - 1116 = -5198. What is the hundreds digit of r?
0
Suppose -d - 3*d + v + 94 = 0, 38 = 2*d + 4*v. Suppose 9*p + 145 - 64 = 0. Let b = d + p. What is the units digit of b?
4
Let j(w) = w + 19. Let i(m) = 2*m - 1. Let x be i(4). Suppose d + x = -4. What is the units digit of j(d)?
8
Let r(w) = 20*w**2 - 4*w + 9. Let f(m) = 3*m**2 + 3*m - 4. Let c be f(1). What is the units digit of r(c)?
1
Suppose -j - 28 = -226. Let k be -45*-2*(-2)/(-10). What is the tens digit of 220/k + (-44)/j?
1
Suppose 2016 + 1128 = 6*c. What is the units digit of c?
4
Let c = 5666 - 3137. What is the hundreds digit of c?
5
Let t(p) = -p**3 + 8*p**2 - 5*p + 4. Suppose 3*w = -w + 24. What is the units digit of t(w)?
6
Let j(u) = -3*u - 9. Suppose 9*b = 8*b + 3. Let o(i) = i - 9. Let y be o(b). What is the units digit of j(y)?
9
Let p(i) = 419*i**2 + i - 1. What is the hundreds digit of p(1)?
4
Let d(c) be the third derivative of -c**4/12 - 31*c**3/6 + 20*c**2. What is the units digit of d(-20)?
9
Suppose -4*v = -16, -2*v + 80 - 701 = -b. What is the units digit of b?
9
Suppose 0 = -l + 7*l. Suppose 0 = -j - 3*c + 152, 3*c + l*c = -3*j + 474. What is the tens digit of j?
6
Let r(c) = -2*c**3 - 5*c**2 + 3*c + 2966. What is the thousands digit of r(0)?
2
Let x be ((-8)/(-6) + 1)*-3. Let o(l) = -159 - l**3 + 329 - 164 - 2*l - 7*l**2. What is the tens digit of o(x)?
2
Suppose -5*i + i = -1896. What is the units digit of i?
4
Suppose -7*f + 19 + 2 = 0. Suppose 2*n + 12 = f*n. Suppose 0 = -p + n + 36. What is the tens digit of p?
4
Let m be ((-372)/2)/((-3)/2). Let w = -66 - -3. Let x = w + m. What is the units digit of x?
1
Let b = -231 - -508. What is the tens digit of b?
7
Suppose 8*j - 20*j + 4128 = 0. What is the hundreds digit of j?
3
Let h(w) = -w**3 + 5*w**2 - 3*w - 1. Suppose 1 = -3*q + 5*m + 3, 3*m - 6 = 0. Let f be h(q). Suppose -4*v = -f*v - 52. What is the units digit of v?
2
What is the hundreds digit of 8 + (-426)/(-8)*4?
2
Suppose -3*o = -9 - 0. Suppose -p - 20 = o*p. Let a = 13 + p. What is the units digit of a?
8
Let c(l) = 32*l - 88. What is the hundreds digit of c(17)?
4
Suppose 5*k = -3*t + 103, -3*t - t + 119 = 3*k. Let w(r) = -2*r**3 - 3*r**2 + 7*r - 4. Let d be w(-4). Let o = d - t. What is the tens digit of o?
2
Suppose -633 - 1258 = -4*o - 5*u, -4*o + 4*u + 1864 = 0. Suppose v - 8*v = -o. What is the units digit of ((2 - 1) + 0)*v?
7
Suppose -4 = -5*a + 3*a. Suppose 3*g = -0*t - a*t - 8, -t = 5*g + 18. What is the units digit of t?
2
Suppose u - 5*u = 4*n + 260, -4*n = 2*u + 124. Let x = u + 109. Suppose -b + x = 3. What is the units digit of b?
8
Let m(g) = 6*g**2 + g + 1. What is the tens digit of m(9)?
9
Let c(i) be the first derivative of 17*i**2/2 - 15*i - 20. What is the units digit of c(6)?
7
Let i = -15 - -18. Suppose 16 = w + i*w + 4*z, 28 = w - 5*z. What is the tens digit of (w - 8/4)*2?
1
Let s be 7 - 7 - -8*3. Let t = s - -26. Suppose -i + 3*i = t. What is the tens digit of i?
2
Let v(f) = -f**3 - 21*f**2 - 13*f - 107. What is the tens digit of v(-21)?
6
Let d = 26 + 121. Let i = d - 74. What is the units digit of i?
3
Suppose 5*c + 2*c + c = 0. Suppose -5*b - 3*o + 410 + 312 = 0, -2*b - 2*o + 292 = c. What is the units digit of b?
2
Suppose 4*u + 7 = -5*i + 44, -4*i + 20 = 0. Suppose 5*q = -n + 26, -2*q + u*q - 85 = -4*n. What is the units digit of n?
1
Let p = -17 - -42. Let m = p - 9. What is the tens digit of m?
1
Suppose 4*u - 5792 + 1815 = d, -5*d = 5*u - 4965. What is the units digit of u?
4
Let w(z) = 41 + z**2 - 7*z - 11 + 9*z - 3*z. Let d be w(0). What is the units digit of (d/(-5))/((-2)/17)?
1
Suppose -q = 5*s + 7, -26 = -4*q + 2*q - 2*s. Let v = -7 - q. What is the units digit of v/(-3) - 2/(-3)?
9
Let l = 37 + 252. What is the tens digit of l?
8
Let l(z) = z**3 + 5*z**2 + 2. Let s be l(-5). Let b = 12 + s. Suppose -2*t - 4*a = -76, -176 = -5*t + 5*a + b. What is the units digit of t?
8
Let w(l) = -70*l. Let p be w(-1). What is the units digit of 2700/p - 3/(-7)?
9
Let i = -60 - -3037. What is the hundreds digit of i?
9
Let g(f) be the first derivative of -3*f**2/2 - 10*f + 1. Suppose 0 = 8*y + 84 - 4. What is the tens digit of g(y)?
2
What is the tens digit of 179540/75 + 2 - (-2)/15?
9
Suppose -3*r = -3, j - 5*r + 32 = -2*j. What is the tens digit of 346/10 + j/15?
3
Let o(t) be the third derivative of -t**6/120 - t**5/60 - t**4/12 - t**3/3 + 4*t**2. Suppose -1 = -8*q - 17. What is the units digit of o(q)?
6
Let a = -380 - -605. Let k = -160 + a. What is the units digit of k?
5
Let j = -11 + -3. Let x be ((-56)/12)/(1/(-3)). Let p = x - j. What is the units digit of p?
8
Let d(r) = r + 1. Let y be d(4). Suppose 4*i - 408 = -y*p, 5*p - 99 = -2*i + 315. What is the units digit of p?
4
Suppose 1623 + 2038 = 7*i. What is the hundreds digit of i?
5
Let r(m) = 6*m**2 + 39*m + 42. What is the tens digit of r(-10)?
5
Let g = -1662 + 3261. What is the units digit of g?
9
Suppose 3*r = 2*q - 5451, -4*q + 13422 = 2*r + 2528. What is the thousands digit of q?
2
Let m(p) be the third derivative of p**6/40 - p**4/3 + p**3/2 + 12*p**2. What is the units digit of m(3)?
0
Suppose -4*z + 27*z = 13892. What is the tens digit of z?
0
Suppose -25 = -6*l + 23. Let b be 6/l + (-218)/(-8). Suppose 5*p - b = -2*c, 0 = -c - c + 4*p - 8. What is the units digit of c?
4
Suppose 0 = -2*y - y - 4*m + 1, 0 = -2*m - 4. Suppose y*d = 5*d - 188. What is the units digit of d?
4
Let q(v) = -v**3 + 3*v**2 + 2*v + 9. What is the hundreds digit of q(-8)?
6
What is the tens digit of (2 + 0)*-2 + -2 + 1279?
7
What is the units digit of (-13)/(-65) - (38/(-10) - -2)?
2
Let c(f) = f**2. Let s(j) = -